{"id":64,"date":"2023-08-27T16:33:34","date_gmt":"2023-08-27T21:33:34","guid":{"rendered":"https:\/\/zamora-chinchipe.gob.ec\/website\/?page_id=64"},"modified":"2024-02-15T09:06:49","modified_gmt":"2024-02-15T14:06:49","slug":"simbolos-de-la-provincia","status":"publish","type":"page","link":"https:\/\/zamora-chinchipe.gob.ec\/website\/simbolos-de-la-provincia\/","title":{"rendered":"S\u00edmbolos de la Provincia"},"content":{"rendered":"<h2 style=\"text-align: center;\">Escudo Oficial de la Provincia de Zamora Chinchipe<\/h2>\n<p><a href=\"https:\/\/zamora-chinchipe.gob.ec\/website\/wp-content\/uploads\/2023\/08\/ESCUDO_PROVINCIA_DE_ZAMORA_CHINCHIPE.png\" target=\"_blank\" rel=\"noopener\"><img loading=\"lazy\" class=\"size-medium wp-image-124 aligncenter\" src=\"https:\/\/zamora-chinchipe.gob.ec\/website\/wp-content\/uploads\/2023\/08\/ESCUDO_PROVINCIA_DE_ZAMORA_CHINCHIPE-216x300.png\" alt=\"\" width=\"216\" height=\"300\" srcset=\"https:\/\/zamora-chinchipe.gob.ec\/website\/wp-content\/uploads\/2023\/08\/ESCUDO_PROVINCIA_DE_ZAMORA_CHINCHIPE-216x300.png 216w, https:\/\/zamora-chinchipe.gob.ec\/website\/wp-content\/uploads\/2023\/08\/ESCUDO_PROVINCIA_DE_ZAMORA_CHINCHIPE-736x1024.png 736w, https:\/\/zamora-chinchipe.gob.ec\/website\/wp-content\/uploads\/2023\/08\/ESCUDO_PROVINCIA_DE_ZAMORA_CHINCHIPE-768x1069.png 768w, https:\/\/zamora-chinchipe.gob.ec\/website\/wp-content\/uploads\/2023\/08\/ESCUDO_PROVINCIA_DE_ZAMORA_CHINCHIPE-1103x1536.png 1103w, https:\/\/zamora-chinchipe.gob.ec\/website\/wp-content\/uploads\/2023\/08\/ESCUDO_PROVINCIA_DE_ZAMORA_CHINCHIPE-1471x2048.png 1471w, https:\/\/zamora-chinchipe.gob.ec\/website\/wp-content\/uploads\/2023\/08\/ESCUDO_PROVINCIA_DE_ZAMORA_CHINCHIPE.png 2033w\" sizes=\"auto, (max-width: 216px) 100vw, 216px\" \/><\/a><\/p>\n<ul>\n<li>El escudo tendr\u00e1 la forma ovalada rodeada de una bordura de oro. En el interior de la bordura de la parte superior habr\u00e1 un cord\u00f3n Franciscano que corresponder\u00e1 recordada la Orden religioso que nos protege espiritualmente inmensa labor religiosa.<\/li>\n<li>Timbrar\u00e1 el escudo un c\u00f3ndor estilizado con las alas desplegadas simbolizando poder\u00edo, fuerza y bravura.<\/li>\n<li>En la parte inferior rodeado el escudo desde la punta hacia los costados habr\u00e1 una divisa esmaltada con los colores de la provincia con el nombre de los mismos y el a\u00f1o de su fundaci\u00f3n grabados en el color sobre negro.<\/li>\n<li>Como soporte del escudo llevar\u00e1 estilizadas tramas de olivo s\u00edmbolo de la paz y hermandad entre los pueblos.<\/li>\n<\/ul>\n<h2 style=\"text-align: center;\">Bandera de Zamora Chinchipe 2023 &#8211; 2027<\/h2>\n<p><img loading=\"lazy\" class=\"aligncenter wp-image-582 size-full\" src=\"https:\/\/zamora-chinchipe.gob.ec\/website\/wp-content\/uploads\/2023\/09\/banderaZamoraChinchipe.jpg\" alt=\"\" width=\"345\" height=\"195\" srcset=\"https:\/\/zamora-chinchipe.gob.ec\/website\/wp-content\/uploads\/2023\/09\/banderaZamoraChinchipe.jpg 345w, https:\/\/zamora-chinchipe.gob.ec\/website\/wp-content\/uploads\/2023\/09\/banderaZamoraChinchipe-300x170.jpg 300w\" sizes=\"auto, (max-width: 345px) 100vw, 345px\" \/><\/p>\n<ul>\n<li>El color blanco significa la paz entre hermanos zamoranos chinchipenses.<\/li>\n<li>El color verde significa la inmesurable flora de la Amazon\u00eda Ecuatoriana.<\/li>\n<li>El color amarillo significa la riqueza aur\u00edfera encontrada en los suelos de la provincia.<\/li>\n<\/ul>\n<h2><\/h2>\n<h2 style=\"text-align: center;\">Himno Provincial de Zamora Chinchipe<\/h2>\n<!--[if lt IE 9]><script>document.createElement('audio');<\/script><![endif]-->\n<audio class=\"wp-audio-shortcode\" id=\"audio-64-1\" preload=\"none\" style=\"width: 100%;\" controls=\"controls\"><source type=\"audio\/mpeg\" src=\"https:\/\/zamora-chinchipe.gob.ec\/website\/wp-content\/uploads\/2023\/08\/HIMNO_PROVINCIA_ZAMORA_CHINCHIPE.mp3?_=1\" \/><a href=\"https:\/\/zamora-chinchipe.gob.ec\/website\/wp-content\/uploads\/2023\/08\/HIMNO_PROVINCIA_ZAMORA_CHINCHIPE.mp3\">https:\/\/zamora-chinchipe.gob.ec\/website\/wp-content\/uploads\/2023\/08\/HIMNO_PROVINCIA_ZAMORA_CHINCHIPE.mp3<\/a><\/audio>\n<h2>S\u00edmbolos<\/h2>\n<p><a href=\"https:\/\/zamora-chinchipe.gob.ec\/website\/wp-content\/uploads\/2023\/08\/SIMBOLOS.docx\" target=\"_blank\" rel=\"noopener\">Documento con la informaci\u00f3n de los s\u00edmbolos de la provincia\u00a0<\/a><\/p>\n","protected":false},"excerpt":{"rendered":"<p>Escudo Oficial de la Provincia de Zamora Chinchipe El escudo tendr\u00e1 la forma ovalada rodeada de una bordura de oro. En el interior de la bordura de la parte superior habr\u00e1 un cord\u00f3n Franciscano que corresponder\u00e1 recordada la Orden religioso que nos protege espiritualmente inmensa labor religiosa. Timbrar\u00e1 el escudo un c\u00f3ndor estilizado con las [&hellip;]<\/p>\n","protected":false},"author":1,"featured_media":0,"parent":0,"menu_order":0,"comment_status":"closed","ping_status":"closed","template":"","meta":{"footnotes":""},"class_list":["post-64","page","type-page","status-publish","hentry","post"],"_links":{"self":[{"href":"https:\/\/zamora-chinchipe.gob.ec\/website\/wp-json\/wp\/v2\/pages\/64","targetHints":{"allow":["GET"]}}],"collection":[{"href":"https:\/\/zamora-chinchipe.gob.ec\/website\/wp-json\/wp\/v2\/pages"}],"about":[{"href":"https:\/\/zamora-chinchipe.gob.ec\/website\/wp-json\/wp\/v2\/types\/page"}],"author":[{"embeddable":true,"href":"https:\/\/zamora-chinchipe.gob.ec\/website\/wp-json\/wp\/v2\/users\/1"}],"replies":[{"embeddable":true,"href":"https:\/\/zamora-chinchipe.gob.ec\/website\/wp-json\/wp\/v2\/comments?post=64"}],"version-history":[{"count":11,"href":"https:\/\/zamora-chinchipe.gob.ec\/website\/wp-json\/wp\/v2\/pages\/64\/revisions"}],"predecessor-version":[{"id":1969,"href":"https:\/\/zamora-chinchipe.gob.ec\/website\/wp-json\/wp\/v2\/pages\/64\/revisions\/1969"}],"wp:attachment":[{"href":"https:\/\/zamora-chinchipe.gob.ec\/website\/wp-json\/wp\/v2\/media?parent=64"}],"curies":[{"name":"wp","href":"https:\/\/api.w.org\/{rel}","templated":true}]}}