{"id":521,"date":"2023-09-04T12:27:18","date_gmt":"2023-09-04T17:27:18","guid":{"rendered":"https:\/\/zamora-chinchipe.gob.ec\/website\/?page_id=521"},"modified":"2023-09-04T12:27:21","modified_gmt":"2023-09-04T17:27:21","slug":"enero-2018","status":"publish","type":"page","link":"https:\/\/zamora-chinchipe.gob.ec\/website\/enero-2018\/","title":{"rendered":"ENERO 2018"},"content":{"rendered":"<h2 style=\"text-align: center;\"><a href=\"https:\/\/zamora-chinchipe.gob.ec\/wp-content\/uploads\/2019\/03\/Informe-Rendici\u00f3n-de-Cuentas-2017.pdf\" target=\"_blank\" rel=\"noopener noreferrer\"><strong>RENDICI\u00d3N DE CUENTAS\u00a0 2017<\/strong><\/a><\/h2>\n<h2 style=\"text-align: center;\"><a href=\"https:\/\/zamora-chinchipe.gob.ec\/wp-content\/uploads\/2018\/02\/PDOT-ZAMORA-CHINCHIPE-2014-2019-m.pdf\" target=\"_blank\" rel=\"noopener noreferrer\"><strong>PLAN DE DESARROLLO PROVINCIAL 2014 \u2013 2019<\/strong><\/a><\/h2>\n<h2 style=\"text-align: center;\"><strong>UNIDAD DE PROYECTOS<\/strong><\/h2>\n<h2 style=\"text-align: center;\"><a href=\"https:\/\/zamora-chinchipe.gob.ec\/wp-content\/uploads\/2018\/08\/C\u00e9dula_2017.pdf\" target=\"_blank\" rel=\"noopener noreferrer\"><strong>C\u00c9DULA PRESUPUEST\u00c1RIA 2017<\/strong><\/a><\/h2>\n<h2 style=\"text-align: center;\"><a href=\"https:\/\/zamora-chinchipe.gob.ec\/wp-content\/uploads\/2018\/02\/PLAN-TRABAJO-SALVADOR-QUISHPE-y-KARLA-REATEGUI-2017.pdf\" target=\"_blank\" rel=\"noopener noreferrer\"><strong>PLAN DE TRABAJO<\/strong><\/a><\/h2>\n<p style=\"text-align: center;\">&nbsp;<\/p>\n<ul>\n<li><a href=\"https:\/\/zamora-chinchipe.gob.ec\/wp-content\/uploads\/2018\/03\/A11-Diciembre-2017-Estructura-Org%C3%A1nica-Funcional.pdf\" target=\"_blank\" rel=\"noopener noreferrer\"><strong>.a1) ESTRUCTURA ORG\u00c1NICA FUNCIONAL<\/strong><\/a><\/li>\n<li><a href=\"https:\/\/zamora-chinchipe.gob.ec\/wp-content\/uploads\/2018\/03\/A2-DICIEMBRE-2017-BASE-LEGAL.pdf\" target=\"_blank\" rel=\"noopener noreferrer\"><strong>.a2) BASE LEGAL QUE RIGE LA INSTITUCI\u00d3N<\/strong><\/a><\/li>\n<li><a href=\"https:\/\/zamora-chinchipe.gob.ec\/wp-content\/uploads\/2018\/03\/A3-DICIEMBRE-2017-REGULACIONES-Y-PROCEDIMIENTOS-INTERNOS.pdf\" target=\"_blank\" rel=\"noopener noreferrer\"><strong>.a3) REGULACIONES Y PROCEDIMIENTOS INTERNOS APLICABLES A LA ENTIDAD<\/strong><\/a><\/li>\n<li><a href=\"https:\/\/zamora-chinchipe.gob.ec\/wp-content\/uploads\/2018\/02\/A4-DICIEMBRWE-2017-Metas-y-Objetivos-unidades-administrativas.pdf\" target=\"_blank\" rel=\"noopener noreferrer\"><strong>.a4) METAS Y OBJETIVOS DE LAS UNIDADES ADMINISTRATIVAS<\/strong><\/a><\/li>\n<li><a href=\"https:\/\/zamora-chinchipe.gob.ec\/wp-content\/uploads\/2018\/03\/B15-Diciembre-2017-Directorio-Instituci%C3%B3n.pdf\" target=\"_blank\" rel=\"noopener noreferrer\"><strong>.b1) DIRECTORIO DE LA INSTITUCI\u00d3N<\/strong><\/a><\/li>\n<li><a href=\"https:\/\/zamora-chinchipe.gob.ec\/wp-content\/uploads\/2018\/03\/B5-Diciembre-2017-Distributivo-Personal.pdf\" target=\"_blank\" rel=\"noopener noreferrer\"><strong>.b2) DISTRIBUTIVO DEL PERSONAL<\/strong><\/a><\/li>\n<li><a href=\"https:\/\/zamora-chinchipe.gob.ec\/wp-content\/uploads\/2018\/03\/C1-Diciembre-2017-Remuneraci%C3%B3n-Mensual-por-Puesto.pdf\" target=\"_blank\" rel=\"noopener noreferrer\"><strong>.c) REMUNERACI\u00d3N MENSUAL POR PUESTO<\/strong><\/a><\/li>\n<li><a href=\"https:\/\/zamora-chinchipe.gob.ec\/wp-content\/uploads\/2018\/02\/D5-DICIEMBRE-2017-Servicios-que-ofrece.pdf\" target=\"_blank\" rel=\"noopener noreferrer\"><strong>.d) SERVICIOS QUE OFRECE Y LA FORMA DE ACCEDER A ELLOS<\/strong><\/a><\/li>\n<li><a href=\"https:\/\/zamora-chinchipe.gob.ec\/wp-content\/uploads\/2018\/03\/E1-DICIEMBRE-2017-CONTRATOS-COLECTIVOS.pdf\" target=\"_blank\" rel=\"noopener noreferrer\"><strong>.e) TEXTO \u00cdNTEGRO DE CONTRATOS COLECTIVOS VIGENTES<\/strong><\/a><\/li>\n<li><a href=\"https:\/\/zamora-chinchipe.gob.ec\/wp-content\/uploads\/2018\/03\/F1-DICIEMBRE-2017-Formulario-Acceso-Informaci%C3%B3n.pdf\" target=\"_blank\" rel=\"noopener noreferrer\"><strong>.f1) FORMULARIO SOLICITUD INFORMACI\u00d3N P\u00daBLICA<\/strong><\/a><\/li>\n<li><a href=\"https:\/\/zamora-chinchipe.gob.ec\/wp-content\/uploads\/2018\/03\/F2-Diciembre-2017-Formulario-Acceso-Informaci%C3%B3n-P%C3%BAblica-copia.pdf\" target=\"_blank\" rel=\"noopener noreferrer\"><strong>.f2) FORMULARIO SOLICITUD ACCESO A LA INFORMACI\u00d3N P\u00daBLICA<\/strong><\/a><\/li>\n<li><a href=\"https:\/\/zamora-chinchipe.gob.ec\/wp-content\/uploads\/2018\/02\/G7-DICIEMBRE-2017-PRESUPUESTO.pdf\" target=\"_blank\" rel=\"noopener noreferrer\"><strong>.g) PRESUPUESTO DE LA INSTITUCI\u00d3N<\/strong><\/a><\/li>\n<li><a href=\"https:\/\/zamora-chinchipe.gob.ec\/wp-content\/uploads\/2018\/03\/H1-DICIEMBRE-2017-Auditor%C3%ADa-Interna.pdf\" target=\"_blank\" rel=\"noopener noreferrer\"><strong>.h) RESULTADOS DE AUDITOR\u00cdAS INTERNAS Y GUBERNAMENTALES<\/strong><\/a><\/li>\n<li><a href=\"https:\/\/zamora-chinchipe.gob.ec\/wp-content\/uploads\/2018\/01\/i1-DICIEMBRE-2017-PROCESOS-CONTRATACI%C3%93N.pdf\" target=\"_blank\" rel=\"noopener noreferrer\"><strong>.i) PROCESOS DE CONTRATACIONES<\/strong><\/a><\/li>\n<li><a href=\"https:\/\/zamora-chinchipe.gob.ec\/wp-content\/uploads\/2018\/03\/l11-DICIEMBRE-2017-%C3%8DNFIMA-CUANT%C3%8DA.pdf\" target=\"_blank\" rel=\"noopener noreferrer\"><strong>.ii) PROCESOS DE INFIMA CUANT\u00cdA<\/strong><\/a><\/li>\n<li><a href=\"https:\/\/zamora-chinchipe.gob.ec\/wp-content\/uploads\/2018\/03\/J3-DICIEMBRE-2017-EMPRESAS-Y-PERSONAS-INCUMPLIDO-CONTRATOS.pdf\" target=\"_blank\" rel=\"noopener noreferrer\"><strong>.j) EMPRESAS Y PERSONAS QUE HAN INCLUMPLIDO CONTRATOS<\/strong><\/a><\/li>\n<li><a href=\"https:\/\/zamora-chinchipe.gob.ec\/wp-content\/uploads\/2018\/01\/L5-DICIEMBRE-2017-CONTRATOS-DE-CR%C3%89DITOS.pdf\" target=\"_blank\" rel=\"noopener noreferrer\"><strong>.l) CONTRATOS DE CR\u00c9DITO EXTERNOS O INTERNOS<\/strong><\/a><\/li>\n<li><a href=\"https:\/\/zamora-chinchipe.gob.ec\/wp-content\/uploads\/2018\/03\/M14-Diciembre-2017-Mecanismo-Rendici%C3%B3n-Cuentas.pdf\" target=\"_blank\" rel=\"noopener noreferrer\"><strong>.m) MECANISMOS DE RENDICI\u00d3N DE CUENTAS A LA CIUDADAN\u00cdA<\/strong><\/a><\/li>\n<li><a href=\"https:\/\/zamora-chinchipe.gob.ec\/wp-content\/uploads\/2018\/03\/N5-DICIEMBRE-2017-VI%C3%81TICOS.pdf\" target=\"_blank\" rel=\"noopener noreferrer\"><strong>.n) VI\u00c1TICOS, INFORMES DE TRABAJO Y JUSTIFICATIVOS<\/strong><\/a><\/li>\n<li><a href=\"https:\/\/zamora-chinchipe.gob.ec\/wp-content\/uploads\/2018\/03\/O1-Diciembre-2017-Responsable-Informaci%C3%B3n-P%C3%BAblica.pdf\" target=\"_blank\" rel=\"noopener noreferrer\"><strong>.o) RESPONSABLE DE ATENDER LA INFORMACI\u00d3N P\u00daBLICA<\/strong><\/a><\/li>\n<li><a href=\"https:\/\/zamora-chinchipe.gob.ec\/wp-content\/uploads\/2018\/03\/S1-Diciembre-2017-Informaci%C3%B3n-Resoluciones.pdf\" target=\"_blank\" rel=\"noopener noreferrer\"><strong>.s) INFORMACI\u00d3N A LA CIUDADAN\u00cdA DE LAS RESOLUCIONES<\/strong><\/a><\/li>\n<li><\/li>\n<\/ul>\n","protected":false},"excerpt":{"rendered":"<p>RENDICI\u00d3N DE CUENTAS\u00a0 2017 PLAN DE DESARROLLO PROVINCIAL 2014 \u2013 2019 UNIDAD DE PROYECTOS C\u00c9DULA PRESUPUEST\u00c1RIA 2017 PLAN DE TRABAJO &nbsp; .a1) ESTRUCTURA ORG\u00c1NICA FUNCIONAL .a2) BASE LEGAL QUE RIGE LA INSTITUCI\u00d3N .a3) REGULACIONES Y PROCEDIMIENTOS INTERNOS APLICABLES A LA ENTIDAD .a4) METAS Y OBJETIVOS DE LAS UNIDADES ADMINISTRATIVAS .b1) DIRECTORIO DE LA INSTITUCI\u00d3N .b2) [&hellip;]<\/p>\n","protected":false},"author":1,"featured_media":0,"parent":0,"menu_order":0,"comment_status":"closed","ping_status":"closed","template":"","meta":{"footnotes":""},"class_list":["post-521","page","type-page","status-publish","hentry","post"],"_links":{"self":[{"href":"https:\/\/zamora-chinchipe.gob.ec\/website\/wp-json\/wp\/v2\/pages\/521","targetHints":{"allow":["GET"]}}],"collection":[{"href":"https:\/\/zamora-chinchipe.gob.ec\/website\/wp-json\/wp\/v2\/pages"}],"about":[{"href":"https:\/\/zamora-chinchipe.gob.ec\/website\/wp-json\/wp\/v2\/types\/page"}],"author":[{"embeddable":true,"href":"https:\/\/zamora-chinchipe.gob.ec\/website\/wp-json\/wp\/v2\/users\/1"}],"replies":[{"embeddable":true,"href":"https:\/\/zamora-chinchipe.gob.ec\/website\/wp-json\/wp\/v2\/comments?post=521"}],"version-history":[{"count":2,"href":"https:\/\/zamora-chinchipe.gob.ec\/website\/wp-json\/wp\/v2\/pages\/521\/revisions"}],"predecessor-version":[{"id":523,"href":"https:\/\/zamora-chinchipe.gob.ec\/website\/wp-json\/wp\/v2\/pages\/521\/revisions\/523"}],"wp:attachment":[{"href":"https:\/\/zamora-chinchipe.gob.ec\/website\/wp-json\/wp\/v2\/media?parent=521"}],"curies":[{"name":"wp","href":"https:\/\/api.w.org\/{rel}","templated":true}]}}