{"id":285,"date":"2023-08-31T09:16:28","date_gmt":"2023-08-31T14:16:28","guid":{"rendered":"https:\/\/zamora-chinchipe.gob.ec\/website\/?page_id=285"},"modified":"2023-10-04T09:32:36","modified_gmt":"2023-10-04T14:32:36","slug":"canton-yacuambi","status":"publish","type":"page","link":"https:\/\/zamora-chinchipe.gob.ec\/website\/canton-yacuambi\/","title":{"rendered":"Cant\u00f3n Yacuambi"},"content":{"rendered":"<p style=\"text-align: justify;\"><img loading=\"lazy\" class=\"wp-image-290 size-full aligncenter\" src=\"https:\/\/zamora-chinchipe.gob.ec\/website\/wp-content\/uploads\/2023\/08\/Yacuambi.jpg\" alt=\"\" width=\"900\" height=\"504\" srcset=\"https:\/\/zamora-chinchipe.gob.ec\/website\/wp-content\/uploads\/2023\/08\/Yacuambi.jpg 900w, https:\/\/zamora-chinchipe.gob.ec\/website\/wp-content\/uploads\/2023\/08\/Yacuambi-300x168.jpg 300w, https:\/\/zamora-chinchipe.gob.ec\/website\/wp-content\/uploads\/2023\/08\/Yacuambi-768x430.jpg 768w\" sizes=\"auto, (max-width: 900px) 100vw, 900px\" \/>Bienvenidos a Yacuambi, un cant\u00f3n que destaca por la diversidad \u00e9tnica y la convivencia arm\u00f3nica de sus habitantes. En 1953, Yacuambi, junto con los cantones Zamora y Chinchipe, se convirtieron en los primeros en formar la provincia. Con una extensi\u00f3n de 1,253.5 km2, el cant\u00f3n se divide en una parroquia urbana llamada 28 de Mayo y dos parroquias rurales: Tutupali y La Paz. Seg\u00fan las proyecciones del INEC para el a\u00f1o 2020, la poblaci\u00f3n de Yacuambi era de 7,121 habitantes.<br \/>Yacuambi limita al norte con las provincias de Azuay y Morona Santiago. Al sur se encuentra el cant\u00f3n Zamora, al este los cantones Yantzaza y Gualaquiza (provincia de Morona Santiago), y al oeste la provincia de Loja.<br \/>El territorio de Yacuambi se distingue por su cercan\u00eda a la Cordillera Oriental de los Andes, lo que le confiere un relieve monta\u00f1oso en gran parte de su extensi\u00f3n lleno de cascadas, riachuelos y una diversidad de flora y fauna impresionante. Algunas \u00e1reas alcanzan altitudes de hasta 3,778 msnm, especialmente en los p\u00e1ramos andinos donde te cautivaran sus lagunas que limitan con las provincias de Azuay y Morona Santiago.<br \/>Como parte de una estrategia para proteger las fuentes de agua y el bosque nativo, Este cant\u00f3n cuenta con una vasta reserva de \u00e1rea protegida, abarcando una extensi\u00f3n de 26,913.38 hect\u00e1reas, integr\u00e1ndose al Sistema Nacional de \u00c1reas Protegidas.<br \/>En nuestro sitio web, encontrar\u00e1s informaci\u00f3n detallada sobre la riqueza cultural y natural de Yacuambi. Desde su diversidad \u00e9tnica hasta sus impresionantes paisajes monta\u00f1osos, te invitamos a descubrir la esencia \u00fanica de este cant\u00f3n.<\/p>\n<p style=\"text-align: center;\"><strong>\u00a1Explora Yacuambi, donde la diversidad es nuestra fortaleza y la naturaleza nos cautiva en cada rinc\u00f3n!<\/strong><\/p>\n<h2>Bandera del Cant\u00f3n Yacuambi<\/h2>\n<p><img loading=\"lazy\" class=\"bandera aligncenter wp-image-289 size-full\" src=\"https:\/\/zamora-chinchipe.gob.ec\/website\/wp-content\/uploads\/2023\/08\/banderaYacuambi.jpg\" alt=\"\" width=\"600\" height=\"394\" srcset=\"https:\/\/zamora-chinchipe.gob.ec\/website\/wp-content\/uploads\/2023\/08\/banderaYacuambi.jpg 600w, https:\/\/zamora-chinchipe.gob.ec\/website\/wp-content\/uploads\/2023\/08\/banderaYacuambi-300x197.jpg 300w\" sizes=\"auto, (max-width: 600px) 100vw, 600px\" \/><\/p>\n<h2>Himno del Cant\u00f3n Yacuambi<\/h2>\n<p><strong>Espa\u00f1ol<\/strong><\/p>\n<!--[if lt IE 9]><script>document.createElement('audio');<\/script><![endif]-->\n<audio class=\"wp-audio-shortcode\" id=\"audio-285-1\" preload=\"none\" style=\"width: 100%;\" controls=\"controls\"><source type=\"audio\/mpeg\" src=\"https:\/\/zamora-chinchipe.gob.ec\/website\/wp-content\/uploads\/2023\/08\/Yacuambi-espanol.mp3?_=1\" \/><a href=\"https:\/\/zamora-chinchipe.gob.ec\/website\/wp-content\/uploads\/2023\/08\/Yacuambi-espanol.mp3\">https:\/\/zamora-chinchipe.gob.ec\/website\/wp-content\/uploads\/2023\/08\/Yacuambi-espanol.mp3<\/a><\/audio>\n<p><strong>Kichwa<\/strong><\/p>\n<audio class=\"wp-audio-shortcode\" id=\"audio-285-2\" preload=\"none\" style=\"width: 100%;\" controls=\"controls\"><source type=\"audio\/mpeg\" src=\"https:\/\/zamora-chinchipe.gob.ec\/website\/wp-content\/uploads\/2023\/08\/YACUAMBI-KICHWA.mp3?_=2\" \/><a href=\"https:\/\/zamora-chinchipe.gob.ec\/website\/wp-content\/uploads\/2023\/08\/YACUAMBI-KICHWA.mp3\">https:\/\/zamora-chinchipe.gob.ec\/website\/wp-content\/uploads\/2023\/08\/YACUAMBI-KICHWA.mp3<\/a><\/audio>\n<p><strong>Shuar<\/strong><\/p>\n<audio class=\"wp-audio-shortcode\" id=\"audio-285-3\" preload=\"none\" style=\"width: 100%;\" controls=\"controls\"><source type=\"audio\/mpeg\" src=\"https:\/\/zamora-chinchipe.gob.ec\/website\/wp-content\/uploads\/2023\/08\/YACUAMBI-SHUAR.mp3?_=3\" \/><a href=\"https:\/\/zamora-chinchipe.gob.ec\/website\/wp-content\/uploads\/2023\/08\/YACUAMBI-SHUAR.mp3\">https:\/\/zamora-chinchipe.gob.ec\/website\/wp-content\/uploads\/2023\/08\/YACUAMBI-SHUAR.mp3<\/a><\/audio>\n\n<div id=\"pl-gb285-69fb6434e1312\"  class=\"panel-layout\" ><div id=\"pg-gb285-69fb6434e1312-0\"  class=\"panel-grid panel-no-style\" ><div id=\"pgc-gb285-69fb6434e1312-0-0\"  class=\"panel-grid-cell panel-grid-cell-empty panel-grid-cell-mobile-last\" ><\/div><div id=\"pgc-gb285-69fb6434e1312-0-1\"  class=\"panel-grid-cell panel-grid-cell-empty\" ><\/div><\/div><div id=\"pg-gb285-69fb6434e1312-1\"  class=\"panel-grid panel-no-style\" ><div id=\"pgc-gb285-69fb6434e1312-1-0\"  class=\"panel-grid-cell\" ><div id=\"panel-gb285-69fb6434e1312-1-0-0\" class=\"so-panel widget widget_sow-post-carousel panel-first-child panel-last-child\" data-index=\"0\" ><div\n\t\t\t\n\t\t\tclass=\"so-widget-sow-post-carousel so-widget-sow-post-carousel-base-f639a26ce8cf-285\"\n\t\t\t\n\t\t>\t<div\n\t\tclass=\"sow-post-carousel-wrapper sow-post-carousel-theme-base\"\n\t\tstyle=\"overflow: hidden; max-width: 100%; min-height: 272px\"\n\t>\n\t\t<div class=\"sow-carousel-title has-title\">\n\t<h3 class=\"widget-title\">Noticias<\/h3>\t\t<div class=\"sow-carousel-navigation \">\n\t\t\t\t\t\t<a href=\"#\" class=\"sow-carousel-next\" title=\"Siguiente\" aria-label=\"Entradas siguientes\" role=\"button\"><\/a>\n\t\t\t\t\t\t<a href=\"#\" class=\"sow-carousel-previous\" title=\"Anterior\" aria-label=\"Entradas anteriores\" role=\"button\"><\/a>\n\t\t\t\t\t<\/div>\n\t<\/div>\n\n<div class=\"sow-carousel-container \">\n\t\t<div class=\"sow-carousel-wrapper\"\n\t\tdata-dir=\"ltr\"\n\t\tstyle=\"opacity: 0;\"\n\t\tdata-widget=\"post\" data-fetching=\"false\" data-page=\"1\" data-ajax-url=\"https:\/\/zamora-chinchipe.gob.ec\/website\/wp-admin\/admin-ajax.php?_widgets_nonce=314f352086\" data-item_count=\"44\" data-carousel_settings=\"{&quot;loop&quot;:true,&quot;animation&quot;:&quot;ease&quot;,&quot;animation_speed&quot;:800,&quot;autoplay&quot;:false,&quot;pauseOnHover&quot;:false,&quot;autoplaySpeed&quot;:8000,&quot;item_overflow&quot;:true,&quot;autoplay_continuous_scroll&quot;:false}\" data-responsive=\"{&quot;desktop_slides_to_scroll&quot;:1,&quot;tablet_landscape_breakpoint&quot;:1366,&quot;tablet_landscape_slides_to_scroll&quot;:2,&quot;tablet_portrait_breakpoint&quot;:1025,&quot;tablet_portrait_slides_to_scroll&quot;:2,&quot;mobile_breakpoint&quot;:480,&quot;mobile_slides_to_scroll&quot;:1}\" data-variable_width=\"true\" \t>\n\t\t<div\n\t\t\tclass=\"sow-carousel-items\"\n\t\t\t\t\t>\n\t\t\t\t<div class=\"sow-carousel-item\" tabindex=\"-1\" style=\"float: left;\">\n\t\t<div class=\"sow-carousel-thumbnail\">\n\t\t\t\t\t\t\t<a\n\t\t\t\t\thref=\"https:\/\/zamora-chinchipe.gob.ec\/website\/2026\/05\/05\/nacionalidad-shuar-de-kiim-contara-con-puente-peatonal-colgante\/\"\n\t\t\t\t\t\t\t\t\t\tstyle=\"background-image: url( https:\/\/zamora-chinchipe.gob.ec\/website\/wp-content\/uploads\/2026\/05\/fotos-2-436x272.jpeg )\"\n\t\t\t\t\taria-labelledby=\"sow-carousel-id-4907\"\n\t\t\t\t\ttabindex=\"-1\"\n\t\t\t\t>\n\t\t\t\t\t<span class=\"overlay\"><\/span>\n\t\t\t\t<\/a>\n\t\t\t\t\t<\/div>\n\t\t<h3 class=\"sow-carousel-item-title\">\n\t\t\t<a\n\t\t\t\thref=\"https:\/\/zamora-chinchipe.gob.ec\/website\/2026\/05\/05\/nacionalidad-shuar-de-kiim-contara-con-puente-peatonal-colgante\/\"\n\t\t\t\tid=\"sow-carousel-id-4907\"\n\t\t\t\t\t\t\t\ttabindex=\"-1\"\n\t\t\t>\n\n\t\t\t\tNacionalidad Shuar de Kiim contar\u00e1 con puente peatonal colgante\t\t\t<\/a>\n\t\t<\/h3>\n\t<\/div>\n\t<div class=\"sow-carousel-item\" tabindex=\"-1\" style=\"float: left;\">\n\t\t<div class=\"sow-carousel-thumbnail\">\n\t\t\t\t\t\t\t<a\n\t\t\t\t\thref=\"https:\/\/zamora-chinchipe.gob.ec\/website\/2026\/03\/30\/nuevo-puente-vehicular-inicia-en-yacuambi\/\"\n\t\t\t\t\t\t\t\t\t\tstyle=\"background-image: url( https:\/\/zamora-chinchipe.gob.ec\/website\/wp-content\/uploads\/2026\/03\/FOTO-6-1-436x272.jpg )\"\n\t\t\t\t\taria-labelledby=\"sow-carousel-id-4837\"\n\t\t\t\t\ttabindex=\"-1\"\n\t\t\t\t>\n\t\t\t\t\t<span class=\"overlay\"><\/span>\n\t\t\t\t<\/a>\n\t\t\t\t\t<\/div>\n\t\t<h3 class=\"sow-carousel-item-title\">\n\t\t\t<a\n\t\t\t\thref=\"https:\/\/zamora-chinchipe.gob.ec\/website\/2026\/03\/30\/nuevo-puente-vehicular-inicia-en-yacuambi\/\"\n\t\t\t\tid=\"sow-carousel-id-4837\"\n\t\t\t\t\t\t\t\ttabindex=\"-1\"\n\t\t\t>\n\n\t\t\t\tNuevo Puente Vehicular inicia en Yacuambi\t\t\t<\/a>\n\t\t<\/h3>\n\t<\/div>\n\t<div class=\"sow-carousel-item\" tabindex=\"-1\" style=\"float: left;\">\n\t\t<div class=\"sow-carousel-thumbnail\">\n\t\t\t\t\t\t\t<a\n\t\t\t\t\thref=\"https:\/\/zamora-chinchipe.gob.ec\/website\/2026\/03\/16\/emprendimiento-familiar-de-begonia-se-fortalece-con-acompanamiento-tecnico-en-tutupali\/\"\n\t\t\t\t\t\t\t\t\t\tstyle=\"background-image: url( https:\/\/zamora-chinchipe.gob.ec\/website\/wp-content\/uploads\/2026\/03\/FOTOS-5-1-436x272.jpg )\"\n\t\t\t\t\taria-labelledby=\"sow-carousel-id-4798\"\n\t\t\t\t\ttabindex=\"-1\"\n\t\t\t\t>\n\t\t\t\t\t<span class=\"overlay\"><\/span>\n\t\t\t\t<\/a>\n\t\t\t\t\t<\/div>\n\t\t<h3 class=\"sow-carousel-item-title\">\n\t\t\t<a\n\t\t\t\thref=\"https:\/\/zamora-chinchipe.gob.ec\/website\/2026\/03\/16\/emprendimiento-familiar-de-begonia-se-fortalece-con-acompanamiento-tecnico-en-tutupali\/\"\n\t\t\t\tid=\"sow-carousel-id-4798\"\n\t\t\t\t\t\t\t\ttabindex=\"-1\"\n\t\t\t>\n\n\t\t\t\tEmprendimiento familiar de begonia se fortalece con acompa\u00f1amiento t\u00e9cnico en Tutupali\t\t\t<\/a>\n\t\t<\/h3>\n\t<\/div>\n\t<div class=\"sow-carousel-item\" tabindex=\"-1\" style=\"float: left;\">\n\t\t<div class=\"sow-carousel-thumbnail\">\n\t\t\t\t\t\t\t<a\n\t\t\t\t\thref=\"https:\/\/zamora-chinchipe.gob.ec\/website\/2026\/02\/09\/prefectura-de-zamora-chinchipe-atiende-emergencias-invernales-en-la-provincia\/\"\n\t\t\t\t\t\t\t\t\t\tstyle=\"background-image: url( https:\/\/zamora-chinchipe.gob.ec\/website\/wp-content\/uploads\/2026\/02\/fotos-7-436x272.jpg )\"\n\t\t\t\t\taria-labelledby=\"sow-carousel-id-4702\"\n\t\t\t\t\ttabindex=\"-1\"\n\t\t\t\t>\n\t\t\t\t\t<span class=\"overlay\"><\/span>\n\t\t\t\t<\/a>\n\t\t\t\t\t<\/div>\n\t\t<h3 class=\"sow-carousel-item-title\">\n\t\t\t<a\n\t\t\t\thref=\"https:\/\/zamora-chinchipe.gob.ec\/website\/2026\/02\/09\/prefectura-de-zamora-chinchipe-atiende-emergencias-invernales-en-la-provincia\/\"\n\t\t\t\tid=\"sow-carousel-id-4702\"\n\t\t\t\t\t\t\t\ttabindex=\"-1\"\n\t\t\t>\n\n\t\t\t\tPrefectura de Zamora Chinchipe atiende emergencias invernales en la provincia\t\t\t<\/a>\n\t\t<\/h3>\n\t<\/div>\n\t<div class=\"sow-carousel-item\" tabindex=\"-1\" style=\"float: left;\">\n\t\t<div class=\"sow-carousel-thumbnail\">\n\t\t\t\t\t\t\t<a\n\t\t\t\t\thref=\"https:\/\/zamora-chinchipe.gob.ec\/website\/2026\/01\/05\/prefectura-de-zamora-chinchipe-entrego-nuevo-puente-vehicular-en-centinela-del-condor\/\"\n\t\t\t\t\t\t\t\t\t\tstyle=\"background-image: url( https:\/\/zamora-chinchipe.gob.ec\/website\/wp-content\/uploads\/2026\/01\/foto-4-2-436x272.jpg )\"\n\t\t\t\t\taria-labelledby=\"sow-carousel-id-4615\"\n\t\t\t\t\ttabindex=\"-1\"\n\t\t\t\t>\n\t\t\t\t\t<span class=\"overlay\"><\/span>\n\t\t\t\t<\/a>\n\t\t\t\t\t<\/div>\n\t\t<h3 class=\"sow-carousel-item-title\">\n\t\t\t<a\n\t\t\t\thref=\"https:\/\/zamora-chinchipe.gob.ec\/website\/2026\/01\/05\/prefectura-de-zamora-chinchipe-entrego-nuevo-puente-vehicular-en-centinela-del-condor\/\"\n\t\t\t\tid=\"sow-carousel-id-4615\"\n\t\t\t\t\t\t\t\ttabindex=\"-1\"\n\t\t\t>\n\n\t\t\t\tPrefectura de Zamora Chinchipe entreg\u00f3 nuevo puente vehicular en Centinela del C\u00f3ndor\t\t\t<\/a>\n\t\t<\/h3>\n\t<\/div>\n\t<div class=\"sow-carousel-item\" tabindex=\"-1\" style=\"float: left;\">\n\t\t<div class=\"sow-carousel-thumbnail\">\n\t\t\t\t\t\t\t<a\n\t\t\t\t\thref=\"https:\/\/zamora-chinchipe.gob.ec\/website\/2026\/01\/05\/prefectura-supera-los-62-km-de-asfalto-en-la-provincia\/\"\n\t\t\t\t\t\t\t\t\t\tstyle=\"background-image: url( https:\/\/zamora-chinchipe.gob.ec\/website\/wp-content\/uploads\/2026\/01\/foto-s-1-436x272.jpg )\"\n\t\t\t\t\taria-labelledby=\"sow-carousel-id-4587\"\n\t\t\t\t\ttabindex=\"-1\"\n\t\t\t\t>\n\t\t\t\t\t<span class=\"overlay\"><\/span>\n\t\t\t\t<\/a>\n\t\t\t\t\t<\/div>\n\t\t<h3 class=\"sow-carousel-item-title\">\n\t\t\t<a\n\t\t\t\thref=\"https:\/\/zamora-chinchipe.gob.ec\/website\/2026\/01\/05\/prefectura-supera-los-62-km-de-asfalto-en-la-provincia\/\"\n\t\t\t\tid=\"sow-carousel-id-4587\"\n\t\t\t\t\t\t\t\ttabindex=\"-1\"\n\t\t\t>\n\n\t\t\t\tPrefectura supera los 62 Km de asfalto en la Provincia\t\t\t<\/a>\n\t\t<\/h3>\n\t<\/div>\n\t<div class=\"sow-carousel-item\" tabindex=\"-1\" style=\"float: left;\">\n\t\t<div class=\"sow-carousel-thumbnail\">\n\t\t\t\t\t\t\t<a\n\t\t\t\t\thref=\"https:\/\/zamora-chinchipe.gob.ec\/website\/2025\/11\/20\/avanza-el-proyecto-de-asfalto-muchime-28-de-mayo\/\"\n\t\t\t\t\t\t\t\t\t\tstyle=\"background-image: url( https:\/\/zamora-chinchipe.gob.ec\/website\/wp-content\/uploads\/2025\/11\/fotos-3-2-436x272.jpg )\"\n\t\t\t\t\taria-labelledby=\"sow-carousel-id-4490\"\n\t\t\t\t\ttabindex=\"-1\"\n\t\t\t\t>\n\t\t\t\t\t<span class=\"overlay\"><\/span>\n\t\t\t\t<\/a>\n\t\t\t\t\t<\/div>\n\t\t<h3 class=\"sow-carousel-item-title\">\n\t\t\t<a\n\t\t\t\thref=\"https:\/\/zamora-chinchipe.gob.ec\/website\/2025\/11\/20\/avanza-el-proyecto-de-asfalto-muchime-28-de-mayo\/\"\n\t\t\t\tid=\"sow-carousel-id-4490\"\n\t\t\t\t\t\t\t\ttabindex=\"-1\"\n\t\t\t>\n\n\t\t\t\tAvanza el proyecto de asfalto Muchime \u2013 28 de Mayo\t\t\t<\/a>\n\t\t<\/h3>\n\t<\/div>\n\t<div class=\"sow-carousel-item\" tabindex=\"-1\" style=\"float: left;\">\n\t\t<div class=\"sow-carousel-thumbnail\">\n\t\t\t\t\t\t\t<a\n\t\t\t\t\thref=\"https:\/\/zamora-chinchipe.gob.ec\/website\/2025\/10\/20\/se-viene-la-feria-provincial-agropecuaria-sembrando-vida-en-yantzaza\/\"\n\t\t\t\t\t\t\t\t\t\tstyle=\"background-image: url( https:\/\/zamora-chinchipe.gob.ec\/website\/wp-content\/uploads\/2025\/10\/AFICHE-2-FERIA-PROVINCIAL-SEMBRANDO-VIDA-NOVIEMBRE-2025-436x272.png )\"\n\t\t\t\t\taria-labelledby=\"sow-carousel-id-4401\"\n\t\t\t\t\ttabindex=\"-1\"\n\t\t\t\t>\n\t\t\t\t\t<span class=\"overlay\"><\/span>\n\t\t\t\t<\/a>\n\t\t\t\t\t<\/div>\n\t\t<h3 class=\"sow-carousel-item-title\">\n\t\t\t<a\n\t\t\t\thref=\"https:\/\/zamora-chinchipe.gob.ec\/website\/2025\/10\/20\/se-viene-la-feria-provincial-agropecuaria-sembrando-vida-en-yantzaza\/\"\n\t\t\t\tid=\"sow-carousel-id-4401\"\n\t\t\t\t\t\t\t\ttabindex=\"-1\"\n\t\t\t>\n\n\t\t\t\tSe viene la Feria Provincial Agropecuaria \u201cSembrando Vida\u201d, en Yantzaza\t\t\t<\/a>\n\t\t<\/h3>\n\t<\/div>\n\t<div class=\"sow-carousel-item\" tabindex=\"-1\" style=\"float: left;\">\n\t\t<div class=\"sow-carousel-thumbnail\">\n\t\t\t\t\t\t\t<a\n\t\t\t\t\thref=\"https:\/\/zamora-chinchipe.gob.ec\/website\/2025\/09\/22\/la-prefectura-retoma-la-ejecucion-de-asfaltos-en-la-provincia\/\"\n\t\t\t\t\t\t\t\t\t\tstyle=\"background-image: url( https:\/\/zamora-chinchipe.gob.ec\/website\/wp-content\/uploads\/2025\/09\/FOTOGRAFIAS-2-436x272.jpg )\"\n\t\t\t\t\taria-labelledby=\"sow-carousel-id-4303\"\n\t\t\t\t\ttabindex=\"-1\"\n\t\t\t\t>\n\t\t\t\t\t<span class=\"overlay\"><\/span>\n\t\t\t\t<\/a>\n\t\t\t\t\t<\/div>\n\t\t<h3 class=\"sow-carousel-item-title\">\n\t\t\t<a\n\t\t\t\thref=\"https:\/\/zamora-chinchipe.gob.ec\/website\/2025\/09\/22\/la-prefectura-retoma-la-ejecucion-de-asfaltos-en-la-provincia\/\"\n\t\t\t\tid=\"sow-carousel-id-4303\"\n\t\t\t\t\t\t\t\ttabindex=\"-1\"\n\t\t\t>\n\n\t\t\t\tLa Prefectura retoma la ejecuci\u00f3n de asfaltos en la provincia\t\t\t<\/a>\n\t\t<\/h3>\n\t<\/div>\n\t<div class=\"sow-carousel-item\" tabindex=\"-1\" style=\"float: left;\">\n\t\t<div class=\"sow-carousel-thumbnail\">\n\t\t\t\t\t\t\t<a\n\t\t\t\t\thref=\"https:\/\/zamora-chinchipe.gob.ec\/website\/2025\/07\/21\/acciones-y-respuestas-ante-la-emergencia-invernal\/\"\n\t\t\t\t\t\t\t\t\t\tstyle=\"background-image: url( https:\/\/zamora-chinchipe.gob.ec\/website\/wp-content\/uploads\/2025\/07\/FOTO-3-436x272.jpeg )\"\n\t\t\t\t\taria-labelledby=\"sow-carousel-id-4153\"\n\t\t\t\t\ttabindex=\"-1\"\n\t\t\t\t>\n\t\t\t\t\t<span class=\"overlay\"><\/span>\n\t\t\t\t<\/a>\n\t\t\t\t\t<\/div>\n\t\t<h3 class=\"sow-carousel-item-title\">\n\t\t\t<a\n\t\t\t\thref=\"https:\/\/zamora-chinchipe.gob.ec\/website\/2025\/07\/21\/acciones-y-respuestas-ante-la-emergencia-invernal\/\"\n\t\t\t\tid=\"sow-carousel-id-4153\"\n\t\t\t\t\t\t\t\ttabindex=\"-1\"\n\t\t\t>\n\n\t\t\t\tAcciones y respuestas ante la emergencia invernal\t\t\t<\/a>\n\t\t<\/h3>\n\t<\/div>\n\t\t<\/div>\n\t\t\t<\/div>\n\n\t<\/div>\n\t\t<input type=\"hidden\" name=\"instance_hash\" value=\"eb6f9b3a\"\/>\n\t<\/div>\n<\/div><\/div><\/div><\/div><\/div>","protected":false},"excerpt":{"rendered":"<p>Bienvenidos a Yacuambi, un cant\u00f3n que destaca por la diversidad \u00e9tnica y la convivencia arm\u00f3nica de sus habitantes. En 1953, Yacuambi, junto con los cantones Zamora y Chinchipe, se convirtieron en los primeros en formar la provincia. Con una extensi\u00f3n de 1,253.5 km2, el cant\u00f3n se divide en una parroquia urbana llamada 28 de Mayo [&hellip;]<\/p>\n","protected":false},"author":1,"featured_media":0,"parent":0,"menu_order":0,"comment_status":"closed","ping_status":"closed","template":"","meta":{"footnotes":""},"class_list":["post-285","page","type-page","status-publish","hentry","post"],"_links":{"self":[{"href":"https:\/\/zamora-chinchipe.gob.ec\/website\/wp-json\/wp\/v2\/pages\/285","targetHints":{"allow":["GET"]}}],"collection":[{"href":"https:\/\/zamora-chinchipe.gob.ec\/website\/wp-json\/wp\/v2\/pages"}],"about":[{"href":"https:\/\/zamora-chinchipe.gob.ec\/website\/wp-json\/wp\/v2\/types\/page"}],"author":[{"embeddable":true,"href":"https:\/\/zamora-chinchipe.gob.ec\/website\/wp-json\/wp\/v2\/users\/1"}],"replies":[{"embeddable":true,"href":"https:\/\/zamora-chinchipe.gob.ec\/website\/wp-json\/wp\/v2\/comments?post=285"}],"version-history":[{"count":7,"href":"https:\/\/zamora-chinchipe.gob.ec\/website\/wp-json\/wp\/v2\/pages\/285\/revisions"}],"predecessor-version":[{"id":1186,"href":"https:\/\/zamora-chinchipe.gob.ec\/website\/wp-json\/wp\/v2\/pages\/285\/revisions\/1186"}],"wp:attachment":[{"href":"https:\/\/zamora-chinchipe.gob.ec\/website\/wp-json\/wp\/v2\/media?parent=285"}],"curies":[{"name":"wp","href":"https:\/\/api.w.org\/{rel}","templated":true}]}}